culate the remainder when 1532 is divided by 47.
28
Calculate the remainder when 61925 is divided by 173.
164
Calculate the remainder when 21781 is divided by 159.
157
Calculate the remainder when 42217 is divided by 54.
43
What is the remainder when 103733 is divided by 113?
112
Calculate the remainder when 224 is divided by 178.
46
Calculate the remainder when 8912 is divided by 48.
32
Calculate the remainder when 129787 is divided by 64879.
29
Calculate the remainder when 153367 is divided by 76.
75
What is the remainder when 21092 is divided by 1914?
38
Calculate the remainder when 35337 is divided by 380.
377
Calculate the remainder when 44698 is divided by 268.
210
Calculate the remainder when 177513 is divided by 16.
9
Calculate the remainder when 49210 is divided by 1227.
130
What is the remainder when 434 is divided by 205?
24
Calculate the remainder when 413801 is divided by 27.
26
What is the remainder when 118681 is divided by 5393?
35
What is the remainder when 717 is divided by 136?
37
What is the remainder when 323411 is divided by 867?
20
What is the remainder when 1804516 is divided by 282?
280
Calculate the remainder when 6368 is divided by 1591.
4
What is the remainder when 224055 is divided by 20366?
29
Calculate the remainder when 20014 is divided by 364.
358
Calculate the remainder when 175647 is divided by 176.
175
Calculate the remainder when 3818 is divided by 591.
272
Calculate the remainder when 678542 is divided by 226180.
2
What is the remainder when 6751 is divided by 6746?
5
Calculate the remainder when 20163 is divided by 4030.
13
What is the remainder when 8041 is divided by 1597?
56
Calculate the remainder when 9684 is divided by 4100.
1484
What is the remainder when 368187 is divided by 163?
133
Calculate the remainder when 38021 is divided by 169.
165
What is the remainder when 12529 is divided by 118?
21
Calculate the remainder when 76105 is divided by 30.
25
What is the remainder when 5585 is divided by 133?
132
What is the remainder when 14389 is divided by 7191?
7
Calculate the remainder when 413 is divided by 42.
35
Calculate the remainder when 2075 is divided by 27.
23
Calculate the remainder when 250718 is divided by 20.
18
What is the remainder when 20711 is divided by 1720?
71
Calculate the remainder when 43248 is divided by 61.
60
Calculate the remainder when 190798 is divided by 62.
24
What is the remainder when 65636 is divided by 631?
12
Calculate the remainder when 58821 is divided by 58780.
41
Calculate the remainder when 80 is divided by 48.
32
Calculate the remainder when 1212 is divided by 79.
27
Calculate the remainder when 471850 is divided by 108.
106
Calculate the remainder when 8860 is divided by 20.
0
What is the remainder when 452843 is divided by 226414?
15
What is the remainder when 1690767 is divided by 271?
269
Calculate the remainder when 3352265 is divided by 794.
791
What is the remainder when 68576 is divided by 473?
464
Calculate the remainder when 31069 is divided by 275.
269
What is the remainder when 548 is divided by 225?
98
Calculate the remainder when 35871 is divided by 75.
21
Calculate the remainder when 535 is divided by 527.
8
What is the remainder when 5601 is divided by 953?
836
What is the remainder when 1897 is divided by 267?
28
What is the remainder when 91348 is divided by 30449?
1
Calculate the remainder when 9891 is divided by 97.
94
What is the remainder when 3826 is divided by 593?
268
Calculate the remainder when 61537 is divided by 267.
127
What is the remainder when 130966 is divided by 367?
314
Calculate the remainder when 1092153 is divided by 364049.
6
Calculate the remainder when 95377 is divided by 206.
205
Calculate the remainder when 623762 is divided by 133.
125
What is the remainder when 6878473 is divided by 95?
93
Calculate the remainder when 4369 is divided by 62.
29
What is the remainder when 112339 is divided by 604?
599
What is the remainder when 1182573 is divided by 1136?
1133
Calculate the remainder when 38299 is divided by 17.
15
Calculate the remainder when 16518 is divided by 104.
86
What is the remainder when 3510 is divided by 137?
85
Calculate the remainder when 249214 is divided by 8900.
14
What is the remainder when 287833 is divided by 41118?
7
Calculate the remainder when 309 is divided by 24.
21
What is the remainder when 2142 is divided by 682?
96
What is the remainder when 10228 is divided by 781?
75
What is the remainder when 11175 is divided by 2078?
785
What is the remainder when 1421 is divided by 351?
17
Calculate the remainder when 20964 is divided by 20948.
16
Calculate the remainder when 2027 is divided by 890.
247
What is the remainder when 12989 is divided by 4319?
32
Calculate the remainder when 38038 is divided by 20.
18
What is the remainder when 5714 is divided by 38?
14
Calculate the remainder when 729748 is divided by 750.
748
Calculate the remainder when 81839 is divided by 27275.
14
What is the remainder when 50843 is divided by 122?
91
Calculate the remainder when 3164 is divided by 22.
18
Calculate the remainder when 142833 is divided by 807.
801
Calculate the remainder when 7894 is divided by 3503.
888
Calculate the remainder when 89993 is divided by 40.
33
Calculate the remainder when 142763 is divided by 72.
59
Calculate the remainder when 53117 is divided by 227.
226
What is the remainder when 48088 is divided by 9577?
203
What is the remainder when 1172 is divided by 24?
20
What is the remainder when 3607 is divided by 1002?
601
Calculate the remainder when 39170 is divided by 472.
466
What is the remainder when 4546 is divided by 368?
130
Calculate the remainder when 911 is divided by 875.
36
Calculate the remainder when 616 is divided by 383.
233
Calculate the remainder when 7560 is divided by 2510.
30
What is the remainder when 141575 is divided by 20?
15
What is the remainder when 4833 is divided by 78?
75
Calculate the remainder when 584992 is divided by 79.
76
Calculate the remainder when 3774 is divided by 152.
126
What is the remainder when 639 is divided by 93?
81
What is the remainder when 4396 is divided by 4392?
4
Calculate the remainder when 14883 is divided by 63.
15
What is the remainder when 230872 is divided by 46?
44
Calculate the remainder when 4473 is divided by 4470.
3
Calculate the remainder when 41737 is divided by 1163.
1032
Calculate the remainder when 725421 is divided by 56.
53
Calculate the remainder when 52107 is divided by 87.
81
What is the remainder when 34606 is divided by 293?
32
Calculate the remainder when 7475 is divided by 910.
195
What is the remainder when 57892 is divided by 59?
13
What is the remainder when 83549 is divided by 2258?
3
What is the remainder when 2587877 is divided by 646968?
5
What is the remainder when 81942 is divided by 10229?
110
Calculate the remainder when 18827 is divided by 4691.
63
Calculate the remainder when 142657 is divided by 3566.
17
Calculate the remainder when 242224 is divided by 9315.
34
What is the remainder when 309268 is divided by 130?
128
What is the remainder when 2166 is divided by 2162?
4
What is the remainder when 160669 is divided by 147?
145
What is the remainder when 42161 is divided by 58?
53
What is the remainder when 645 is divided by 159?
9
Calculate the remainder when 608380 is divided by 1552.
1548
What is the remainder when 293569 is divided by 1385?
1334
Calculate the remainder when 32766 is divided by 331.
328
Calculate the remainder when 232 is divided by 13.
11
Calculate the remainder when 466252 is divided by 30.
22
What is the remainder when 125738 is divided by 120?
98
Calculate the remainder when 4182654 is divided by 17.
8
What is the remainder when 22151 is divided by 22131?
20
Calculate the remainder when 25373 is divided by 1010.
123
Calculate the remainder when 901 is divided by 49.
19
Calculate the remainder when 49094 is divided by 502.
400
Calculate the remainder when 9292 is divided by 97.
77
Calculate the remainder when 2203 is divided by 69.
64
Calculate the remainder when 542 is divided by 71.
45
Calculate the remainder when 2090 is divided by 123.
122
What is the remainder when 46093 is divided by 452?
441
Calculate the remainder when 169107 is divided by 1375.
1357
What is th